 = -4*u + 4*w + 2834, 3*u - 2123 = 5*w. Let d be (1 - 2)/((-9)/u). Suppose 4*o - d = 49. What is the highest common factor of o and 16?
16
Let g(h) = h**3 + 4*h**2 + h + 6. Let r be g(-4). Suppose -s + 13 - r = 0. Calculate the greatest common factor of 1 and s.
1
Suppose 3*j + 21 = 6*j. Suppose 0 = -3*g + g - 5*c - 116, 212 = -3*g + 2*c. Let n = g - -124. What is the greatest common divisor of n and j?
7
Suppose -3*f - f + 25 = 5*q, 4*q = 2*f + 46. Calculate the greatest common divisor of 9 and q.
9
Let o = 65 + -35. Calculate the highest common divisor of o and 210.
30
Let z be 88/14 + ((-6)/21)/1. Calculate the greatest common divisor of 4 and z.
2
Suppose -w + 0 + 2 = k, 0 = 4*k + 2*w - 8. What is the highest common divisor of 1 and k?
1
Let q(y) = -3*y + y - 3 + 2*y + 2*y. Let p be q(5). Let n be 1 + 54/2 + 0. What is the highest common divisor of p and n?
7
Suppose 0 = 3*s - 0*t + t + 1, -3*t - 10 = 2*s. Calculate the highest common factor of 5 and s.
1
Suppose -6*g = -4*g + 4*m - 18, -5*m = -5*g + 15. Let j be 14 + 8/(-2) + 2. Let u be (-273)/(-18) - 2/j. Calculate the greatest common divisor of u and g.
5
Suppose -4*r = -3*r - 3. What is the highest common divisor of r and 72?
3
Suppose 227 = 2*n - 25. Calculate the greatest common divisor of n and 18.
18
Let a = -38 - -64. Let i(q) = 13*q**2 + 2*q - 7. Let c be i(-3). What is the highest common divisor of c and a?
26
Suppose 4*z - 3*z + 30 = 5*a, 0 = -5*a - 5*z + 30. Calculate the greatest common divisor of a and 3.
3
Let r = -224 + 233. Suppose 0 = -4*h + 6 + 6. What is the highest common divisor of r and h?
3
Let f be 150/6 + (5 - 2). Suppose f = 5*q + 8. What is the highest common factor of 16 and q?
4
Suppose 50 = 5*m + 30. What is the greatest common divisor of m and 4?
4
Suppose 3*d - d - 275 = -z, 0 = -d + 2*z + 150. Suppose 0 = -6*u + 38 + 46. What is the highest common factor of u and d?
14
Suppose -2*q + 172 = 60. Let r(j) = j**3 - 6*j**2 - 4*j - 7. Let c be r(7). What is the greatest common divisor of c and q?
14
Let d(m) = m**2 - 8*m - 20. Let w be d(-7). Calculate the greatest common factor of w and 17.
17
Suppose -5*p + 403 + 312 = 0. Calculate the greatest common factor of p and 11.
11
Let y = 48 - 45. What is the highest common factor of y and 33?
3
Suppose 4*x - 3 = x. Let u(r) = 8*r**2 + r - 1. Let m be u(x). Suppose -14 = 7*n - 630. What is the greatest common factor of n and m?
8
Let s(k) be the third derivative of k**6/30 - k**5/15 + k**4/8 - k**3/6 + 3*k**2. Let a be s(2). What is the greatest common factor of 21 and a?
21
Suppose 0 = 3*b + 8 - 50. Calculate the greatest common factor of b and 98.
14
Suppose 0 = 2*w - 17 - 31. Let b be -4 + 1 - (-2 - 0). Let l = b + 4. Calculate the highest common factor of l and w.
3
Let r be (-1 - 0)/(2/(-22)). Let h be (-596)/(-11) + (-2)/r. Calculate the greatest common factor of 18 and h.
18
Suppose 3*c + 0*m + 3*m = 219, -5*c = m - 381. What is the highest common divisor of 7 and c?
7
Let u(k) = 6*k + 3. Let h be u(2). Let z(p) = p - 2. Let n be 42/8 - (-1)/(-4). Let f be z(n). Calculate the greatest common factor of f and h.
3
Suppose 5*l + 456 = 3*s, 3*l = 5*s + 2*l - 760. Calculate the greatest common divisor of 38 and s.
38
Suppose 2*q = -4*i + i + 23, 17 = 3*q + i. Suppose -3*u + 65 = -q*o + 13, -4*u - 3*o + 111 = 0. What is the greatest common factor of 12 and u?
12
Suppose 5*s + w - 977 = 2*w, 579 = 3*s - 3*w. Suppose -r = 3*r - s. What is the greatest common divisor of 7 and r?
7
Let z = -9 - -13. Suppose z*w - 118 = 62. Suppose -y + 2*j = -4*y + 170, 3*j = -y + w. What is the greatest common divisor of y and 24?
12
Let k(o) = o**2 - 10*o + 2. Let z be k(10). Suppose -48 = -3*u + 3*c, u + 2*c - 2 = z. Let s = -117 - -201. What is the highest common factor of u and s?
12
Let h be 1*-5*390/(-75). What is the highest common divisor of h and 234?
26
Let b be 6/4 + 354/4. What is the greatest common divisor of b and 18?
18
Let n(l) = -5*l + 5. Let k be n(4). Let p be k*(48/15)/(-4). What is the greatest common factor of 12 and p?
12
Suppose 0*d + d - 3*s - 74 = 0, 170 = 2*d + 5*s. Let i(o) = -4*o + 2. Let k be i(6). Let u = 54 + k. What is the greatest common factor of u and d?
16
Suppose 8*l - 2*l = 210. Suppose w - m - 2 - 8 = 0, 5 = 4*w + 3*m. What is the highest common factor of w and l?
5
Let l(w) = w - 2. Let t be l(6). Let m be t/18 + (-964)/(-36). What is the greatest common factor of 108 and m?
27
Let j(u) = -u**3 - 2*u**2 - 5*u - 4. Let z be j(-2). Calculate the highest common divisor of 30 and z.
6
Let c(z) = 3*z + 3. Let d(v) = 2*v - 9. Let j be d(6). Let x be c(j). Suppose -u + x = 3. What is the highest common divisor of u and 45?
9
Let b be (-1 - 14/(-4))*6. Suppose -5*j = 2*w - 6*w - 8, -5*w + 27 = 3*j. Let v = -1 + j. What is the highest common factor of v and b?
3
Let p be (-28)/(-4)*-1*-36. What is the highest common divisor of 36 and p?
36
Suppose 0 = 3*n + 160 - 244. Calculate the highest common factor of 196 and n.
28
Let b = 151 - 87. Calculate the greatest common divisor of 4 and b.
4
Suppose 53 + 38 = 2*x - y, 3*x + 4*y - 131 = 0. Calculate the greatest common divisor of 9 and x.
9
Suppose -b + 6*b - 990 = 0. Let w be (1*-1)/(9*14/(-2772)). Calculate the greatest common divisor of b and w.
22
Suppose -14*b + 16*b - 8 = 0. Let r be -1 + 3 - 4 - -12. Calculate the greatest common divisor of r and b.
2
Let u be ((-18)/(-27))/((-1)/(-3)). What is the highest common factor of u and 34?
2
Let y be (5 + -9 + 3)*(-4 + -117). Calculate the greatest common divisor of 11 and y.
11
Let z = 9 + -14. Let y be (z/10)/((-1)/26). Let f be (7/2)/(2/52). What is the highest common divisor of f and y?
13
Let f be (-2)/(1/(-2*1)). Suppose 24 = -0*d - f*d. Let z be (-1)/(-3) - d/9. What is the highest common factor of z and 2?
1
Let x = 25 - 11. What is the highest common divisor of 42 and x?
14
Suppose -4*g - 10 = 2*q, 0 = 3*g + 2*g + q + 5. Let o = g + 0. Let a be 0 + 9 - (-1 + o). What is the greatest common divisor of a and 110?
10
Let y = -35 + 91. Suppose -4*l - 4*n = -y, 2*l - 4*n - 52 = -0*l. Let w = 135 - -27. What is the greatest common factor of w and l?
18
Suppose -5*i + 50 = -4*b, 0*i - 3*i = b - 47. Calculate the greatest common factor of 98 and i.
14
Let k be 18/(-4)*(-44)/33. Calculate the greatest common factor of k and 24.
6
Suppose 0 = -m - 3*m + 40. Suppose -2*w = -m - 24. What is the greatest common divisor of w and 68?
17
Suppose 7*d = 11*d - 16. Let w(r) = 2*r - 2. Let k be w(d). Let n = -64 - -112. Calculate the greatest common factor of k and n.
6
Let d = 12 - -3. What is the greatest common divisor of 60 and d?
15
Suppose -3*o = -165 - 75. Let m(u) = u**3 - 12*u**2 + 2*u - 14. Let k be m(12). What is the highest common factor of k and o?
10
Let j(f) = -f**2 + 11*f - 1. Let q be 5/15 - 1/3. Suppose q = 2*n + 11 - 29. Let h be j(n). Calculate the greatest common divisor of 102 and h.
17
Suppose -o - 88 = -2*o. Let z be 12/(-42) + o/14. Calculate the highest common divisor of z and 42.
6
Let j(c) = 5*c - 28. Let s be j(8). What is the greatest common factor of s and 9?
3
Suppose -3*r - 2*h + 4 = 0, 4*r - 5*h + 12 = 48. Suppose 130 + 98 = 4*a + 5*u, -u = -r. Calculate the greatest common factor of 13 and a.
13
Suppose 0 = -f - 0*f - 1. Let z be -24*f/((-6)/(-4)). Calculate the greatest common factor of 4 and z.
4
Let w(r) = -r**3 - 4*r**2 - 3*r + 8. Let g be w(-6). Let x = 182 - g. Calculate the greatest common factor of x and 14.
14
Let l(o) = -o**3 + 13*o**2 + 7*o - 14. Let t be l(13). What is the highest common divisor of t and 7?
7
Suppose -3*p + p + 28 = 0. Let q(r) = 0*r + 2 - 8*r + 4 + 0*r. Let o be q(-8). What is the highest common divisor of o and p?
14
Let j(d) = 12*d**2 + 2. Let i = 6 - 9. Let h be j(i). Suppose 3*l - 12 = 18. What is the greatest common factor of l and h?
10
Let o be 1/(-6) + (-42)/(-36). Let b be (1 - 0)/(o/3). Suppose 2*a - 32 = 2*n, -5*n + 28 + 4 = b*a. Calculate the highest common factor of a and 70.
14
Suppose -3*n + 4 = -5. Let f be 1 + -3 + n + 4. Suppose -9 = -3*o + 66. Calculate the highest common factor of f and o.
5
Suppose -q = -2*q + 30. Calculate the highest common divisor of q and 20.
10
Let c(p) = p**3 + 7*p**2 + 13*p + 12. Let x be c(-4). Let t =